hat is the hundred thousands digit of 105020?
1
What is the hundreds digit of 3683?
6
What is the units digit of 8091?
1
What is the thousands digit of 34511?
4
What is the ten thousands digit of 103739?
0
What is the ten thousands digit of 65440?
6
What is the hundreds digit of 25658?
6
What is the ten thousands digit of 65807?
6
What is the tens digit of 8708?
0
What is the tens digit of 1904?
0
What is the tens digit of 871?
7
What is the units digit of 29811?
1
What is the units digit of 65237?
7
What is the ten thousands digit of 92248?
9
What is the hundreds digit of 4482?
4
What is the tens digit of 612?
1
What is the hundreds digit of 4078?
0
What is the units digit of 2558?
8
What is the hundreds digit of 35699?
6
What is the thousands digit of 1011?
1
What is the thousands digit of 42507?
2
What is the tens digit of 8974?
7
What is the tens digit of 24846?
4
What is the tens digit of 3029?
2
What is the units digit of 639?
9
What is the units digit of 74?
4
What is the thousands digit of 1253?
1
What is the units digit of 29915?
5
What is the ten thousands digit of 27089?
2
What is the tens digit of 7979?
7
What is the hundreds digit of 2665?
6
What is the tens digit of 311?
1
What is the hundreds digit of 2758?
7
What is the thousands digit of 34645?
4
What is the hundreds digit of 1462?
4
What is the tens digit of 1410?
1
What is the units digit of 148?
8
What is the tens digit of 95?
9
What is the thousands digit of 165392?
5
What is the thousands digit of 5235?
5
What is the hundreds digit of 4432?
4
What is the hundreds digit of 3198?
1
What is the tens digit of 2916?
1
What is the tens digit of 8035?
3
What is the tens digit of 2121?
2
What is the hundreds digit of 10358?
3
What is the tens digit of 4750?
5
What is the hundreds digit of 1217?
2
What is the tens digit of 4580?
8
What is the hundreds digit of 807?
8
What is the tens digit of 3204?
0
What is the tens digit of 16223?
2
What is the tens digit of 12180?
8
What is the hundreds digit of 574?
5
What is the units digit of 131647?
7
What is the units digit of 3373?
3
What is the hundreds digit of 2698?
6
What is the hundreds digit of 8196?
1
What is the units digit of 40216?
6
What is the tens digit of 95484?
8
What is the hundreds digit of 131548?
5
What is the thousands digit of 10724?
0
What is the units digit of 75911?
1
What is the hundreds digit of 1304?
3
What is the thousands digit of 8890?
8
What is the tens digit of 2778?
7
What is the hundreds digit of 393?
3
What is the tens digit of 1843?
4
What is the units digit of 52305?
5
What is the tens digit of 1812?
1
What is the tens digit of 54582?
8
What is the units digit of 1478?
8
What is the units digit of 2062?
2
What is the hundreds digit of 84667?
6
What is the hundreds digit of 4126?
1
What is the units digit of 374?
4
What is the tens digit of 102458?
5
What is the tens digit of 10564?
6
What is the units digit of 21?
1
What is the units digit of 12420?
0
What is the hundreds digit of 15117?
1
What is the hundreds digit of 56844?
8
What is the thousands digit of 5872?
5
What is the units digit of 1133?
3
What is the tens digit of 3389?
8
What is the tens digit of 6806?
0
What is the tens digit of 3600?
0
What is the hundreds digit of 335?
3
What is the thousands digit of 3906?
3
What is the tens digit of 149334?
3
What is the units digit of 714?
4
What is the thousands digit of 6595?
6
What is the hundreds digit of 763?
7
What is the hundreds digit of 3036?
0
What is the hundreds digit of 377?
3
What is the units digit of 7851?
1
What is the tens digit of 158232?
3
What is the tens digit of 674?
7
What is the thousands digit of 8519?
8
What is the units digit of 33667?
7
What is the hundreds digit of 1334?
3
What is the tens digit of 4973?
7
What is the tens digit of 38233?
3
What is the hundreds digit of 670?
6
What is the hundreds digit of 3100?
1
What is the thousands digit of 2417?
2
What is the thousands digit of 1070?
1
What is the units digit of 5465?
5
What is the hundreds digit of 4916?
9
What is the hundreds digit of 42877?
8
What is the hundreds digit of 1561?
5
What is the units digit of 16725?
5
What is the hundreds digit of 81463?
4
What is the units digit of 24415?
5
What is the thousands digit of 6311?
6
What is the hundreds digit of 17017?
0
What is the thousands digit of 4526?
4
What is the units digit of 17790?
0
What is the hundreds digit of 24563?
5
What is the ten thousands digit of 41584?
4
What is the thousands digit of 138409?
8
What is the tens digit of 928?
2
What is the units digit of 508?
8
What is the thousands digit of 4487?
4
What is the hundreds digit of 1388?
3
What is the units digit of 60044?
4
What is the units digit of 14914?
4
What is the units digit of 953?
3
What is the units digit of 1252?
2
What is the ten thousands digit of 40094?
4
What is the tens digit of 762?
6
What is the tens digit of 1325?
2
What is the tens digit of 40715?
1
What is the tens digit of 344?
4
What is the thousands digit of 13366?
3
What is the units digit of 84682?
2
What is the tens digit of 834?
3
What is the tens digit of 14710?
1
What is the hundreds digit of 3499?
4
What is the tens digit of 70229?
2
What is the units digit of 10452?
2
What is the hundreds digit of 54907?
9
What is the tens digit of 14649?
4
What is the thousands digit of 8664?
8
What is the tens digit of 974?
7
What is the hundreds digit of 710?
7
What is the tens digit of 5860?
6
What is the tens digit of 438?
3
What is the thousands digit of 5204?
5
What is the tens digit of 1161?
6
What is the hundreds digit of 7253?
2
What is the units digit of 1822?
2
What is the tens digit of 588?
8
What is the hundreds digit of 2487?
4
What is the thousands digit of 54505?
4
What is the ten thousands digit of 56318?
5
What is the units digit of 908?
8
What is the thousands digit of 88726?
8
What is the hundreds digit of 5953?
9
What is the hundreds digit of 5676?
6
What is the thousands digit of 4012?
4
What is the units digit of 9844?
4
What is the hundreds digit of 1255?
2
What is the units digit of 2666?
6
What is the thousands digit of 29691?
9
What is the tens digit of 6449?
4
What is the hundreds digit of 5858?
8
What is the ten thousands digit of 26462?
2
What is the tens digit of 140?
4
What is the hundreds digit of 5255?
2
What is the tens digit of 436?
3
What is the tens digit of 727?
2
What is the hundreds digit of 113407?
4
What is the units digit of 7798?
8
What is the ten thousands digit of 38520?
3
What is the hundreds digit of 515?
5
What is the ten thousands digit of 16838?
1
What is the tens digit of 2192?
9
What is the thousands digit of 2952?
2
What is the thousands digit of 47360?
7
What is the tens digit of 2259?
5
What is the tens digit of 7241?
4
What is the units digit of 22139?
9
What is the hundreds digit of 1886?
8
What is the units digit of 2344?
4
What is the tens digit of 265?
6
What is the thousands digit of 31698?
1
What is the units digit of 52705?
5
What is the units digit of 6235?
5
What is the ten thousands digit of 54618?
5
What is the units digit of 1014?
4
What is the tens digit of 1070?
7
What is the hundreds digit of 5120?
1
What is the units digit of 45418?
8
What is the tens digit of 11032?
3
What is the units digit of 8462?
2
What is the tens digit of 5100?
0
What is the ten thousands digit of 25947?
2
What is the tens digit of 10769?
6
What is the tens digit of 4177?
7
What is the tens digit of 584?
8
What is the hundreds digit of 3545?
5
What is the tens digit of 252?
5
What is the thousands digit of 77936?
7
What is the hundreds digit of 10355?
3
What is the tens digit of 38523?
2
What is the hundreds digit of 10423?
4
What is the hundreds digit of 38209?
2
What is the units digit of 49260?
0
What is the thousands digit of 104091?
4
What is the hundreds digit of 240?
2
What is the hundred thousands digit of 108483?
1
What is the units digit of 886?
6
What is the ten thousands digit of 20745?
2
What is the units digit of 8708?
8
What is the units digit of 2765?
5
What is the tens digit of 5508?
0
What is the hundreds digit of 13546?
5
What is the units digit of 1531?
1
What is the units digit of 6773?
3
What is the units digit of 611?
1
What is the tens digit of 949?
4
What is